{"id":127,"date":"2017-10-03T00:47:51","date_gmt":"2017-10-03T03:47:51","guid":{"rendered":"http:\/\/mulheressa.org\/blog\/?page_id=127"},"modified":"2017-10-09T20:28:41","modified_gmt":"2017-10-09T23:28:41","slug":"helida-stael-mendonca","status":"publish","type":"page","link":"https:\/\/mulheressa.org.br\/blog\/helida-stael-mendonca\/","title":{"rendered":"H\u00e9lida Stael Mendon\u00e7a"},"content":{"rendered":"<p>Brasileira, casada e empres\u00e1ria.<br \/>\nM\u00e3e de tr\u00eas filhos, com idade de 12, 15 e 20 anos. Graduada em Psicologia pelo\u00a0 Centro Universit\u00e1rio Newton Paiva. Em Terapia Ocupacional pela Universidade Federal de Minas Gerais e P\u00f3s Graduada em Marketing pelo Centro Universit\u00e1rio UNA. S\u00f3cia fundadora da empresa Forno de Minas Alimentos S\/A, ocupando o cargo de diretora de Recursos Humanos e Gest\u00e3o Estrat\u00e9gica. S\u00f3cia fundadora das empresas MK Empreendimentos e Participa\u00e7\u00f5es Ltda e Vila I\u00e1ia.<\/p>\n","protected":false},"excerpt":{"rendered":"<p>Brasileira, casada e empres\u00e1ria. M\u00e3e de tr\u00eas filhos, com idade de 12, 15 e 20 anos. Graduada em Psicologia pelo\u00a0 Centro Universit\u00e1rio Newton Paiva. Em Terapia Ocupacional pela Universidade Federal de Minas Gerais e P\u00f3s Graduada em Marketing pelo Centro Universit\u00e1rio UNA. S\u00f3cia fundadora da empresa Forno de Minas Alimentos S\/A, ocupando o cargo de &hellip; <\/p>\n<p class=\"link-more\"><a href=\"https:\/\/mulheressa.org.br\/blog\/helida-stael-mendonca\/\" class=\"more-link\">Continue lendo<span class=\"screen-reader-text\"> &#8220;H\u00e9lida Stael Mendon\u00e7a&#8221;<\/span><\/a><\/p>\n","protected":false},"author":1,"featured_media":128,"parent":0,"menu_order":0,"comment_status":"closed","ping_status":"closed","template":"","meta":[],"_links":{"self":[{"href":"https:\/\/mulheressa.org.br\/blog\/wp-json\/wp\/v2\/pages\/127"}],"collection":[{"href":"https:\/\/mulheressa.org.br\/blog\/wp-json\/wp\/v2\/pages"}],"about":[{"href":"https:\/\/mulheressa.org.br\/blog\/wp-json\/wp\/v2\/types\/page"}],"author":[{"embeddable":true,"href":"https:\/\/mulheressa.org.br\/blog\/wp-json\/wp\/v2\/users\/1"}],"replies":[{"embeddable":true,"href":"https:\/\/mulheressa.org.br\/blog\/wp-json\/wp\/v2\/comments?post=127"}],"version-history":[{"count":4,"href":"https:\/\/mulheressa.org.br\/blog\/wp-json\/wp\/v2\/pages\/127\/revisions"}],"predecessor-version":[{"id":147,"href":"https:\/\/mulheressa.org.br\/blog\/wp-json\/wp\/v2\/pages\/127\/revisions\/147"}],"wp:featuredmedia":[{"embeddable":true,"href":"https:\/\/mulheressa.org.br\/blog\/wp-json\/wp\/v2\/media\/128"}],"wp:attachment":[{"href":"https:\/\/mulheressa.org.br\/blog\/wp-json\/wp\/v2\/media?parent=127"}],"curies":[{"name":"wp","href":"https:\/\/api.w.org\/{rel}","templated":true}]}}