{"id":175,"date":"2017-11-24T15:27:24","date_gmt":"2017-11-24T17:27:24","guid":{"rendered":"http:\/\/mulheressa.org\/blog\/?page_id=175"},"modified":"2017-11-24T15:27:24","modified_gmt":"2017-11-24T17:27:24","slug":"carla-goncalves-de-souza","status":"publish","type":"page","link":"https:\/\/mulheressa.org.br\/blog\/carla-goncalves-de-souza\/","title":{"rendered":"Carla Gon\u00e7alves de Souza"},"content":{"rendered":"<p>Especialista em Direito do Trabalho, formada na Faculdade de Direito Milton Campos (1998), s\u00f3cia do escrit\u00f3rio Maia Advocacia, em Belo Horizonte. Advogada, palestrante, auditora, consultora e escritora. Conhece amplamente a legisla\u00e7\u00e3o trabalhista e os pontos que, se negligenciados, podem gerar e\/ou aumentar o passivo trabalhista. Uma profissional vision\u00e1ria, sonhadora, que ama o Direito e que se dedica a fazer com que empres\u00e1rios, l\u00edderes, chefes e empregados trabalhem no sistema ganha-ganha, e enxerguem as quest\u00f5es trabalhistas com uma vis\u00e3o al\u00e9m da rotina. OAB\/MG 92649<\/p>\n","protected":false},"excerpt":{"rendered":"<p>Especialista em Direito do Trabalho, formada na Faculdade de Direito Milton Campos (1998), s\u00f3cia do escrit\u00f3rio Maia Advocacia, em Belo Horizonte. Advogada, palestrante, auditora, consultora e escritora. Conhece amplamente a legisla\u00e7\u00e3o trabalhista e os pontos que, se negligenciados, podem gerar e\/ou aumentar o passivo trabalhista. Uma profissional vision\u00e1ria, sonhadora, que ama o Direito e que &hellip; <\/p>\n<p class=\"link-more\"><a href=\"https:\/\/mulheressa.org.br\/blog\/carla-goncalves-de-souza\/\" class=\"more-link\">Continue lendo<span class=\"screen-reader-text\"> &#8220;Carla Gon\u00e7alves de Souza&#8221;<\/span><\/a><\/p>\n","protected":false},"author":1,"featured_media":176,"parent":0,"menu_order":0,"comment_status":"closed","ping_status":"closed","template":"","meta":[],"_links":{"self":[{"href":"https:\/\/mulheressa.org.br\/blog\/wp-json\/wp\/v2\/pages\/175"}],"collection":[{"href":"https:\/\/mulheressa.org.br\/blog\/wp-json\/wp\/v2\/pages"}],"about":[{"href":"https:\/\/mulheressa.org.br\/blog\/wp-json\/wp\/v2\/types\/page"}],"author":[{"embeddable":true,"href":"https:\/\/mulheressa.org.br\/blog\/wp-json\/wp\/v2\/users\/1"}],"replies":[{"embeddable":true,"href":"https:\/\/mulheressa.org.br\/blog\/wp-json\/wp\/v2\/comments?post=175"}],"version-history":[{"count":1,"href":"https:\/\/mulheressa.org.br\/blog\/wp-json\/wp\/v2\/pages\/175\/revisions"}],"predecessor-version":[{"id":177,"href":"https:\/\/mulheressa.org.br\/blog\/wp-json\/wp\/v2\/pages\/175\/revisions\/177"}],"wp:featuredmedia":[{"embeddable":true,"href":"https:\/\/mulheressa.org.br\/blog\/wp-json\/wp\/v2\/media\/176"}],"wp:attachment":[{"href":"https:\/\/mulheressa.org.br\/blog\/wp-json\/wp\/v2\/media?parent=175"}],"curies":[{"name":"wp","href":"https:\/\/api.w.org\/{rel}","templated":true}]}}